{"id":20853,"date":"2024-06-27T08:18:03","date_gmt":"2024-06-27T06:18:03","guid":{"rendered":"https:\/\/www.chisagepolska.pl\/?page_id=20853"},"modified":"2024-08-09T09:44:51","modified_gmt":"2024-08-09T07:44:51","slug":"faq","status":"publish","type":"page","link":"https:\/\/en.chisagepolska.pl\/index.php\/faq\/","title":{"rendered":"FAQ"},"content":{"rendered":"\t\t<div data-elementor-type=\"wp-page\" data-elementor-id=\"20853\" class=\"elementor elementor-20853\" data-elementor-post-type=\"page\">\n\t\t\t\t\t\t<section class=\"elementor-section elementor-top-section elementor-element elementor-element-6086bc7 elementor-section-content-middle elementor-section-boxed elementor-section-height-default elementor-section-height-default\" data-id=\"6086bc7\" data-element_type=\"section\" data-e-type=\"section\" data-settings=\"{&quot;background_background&quot;:&quot;classic&quot;}\">\n\t\t\t\t\t\t<div class=\"elementor-container elementor-column-gap-no\">\n\t\t\t\t\t<div class=\"elementor-column elementor-col-100 elementor-top-column elementor-element elementor-element-445b79f\" data-id=\"445b79f\" data-element_type=\"column\" data-e-type=\"column\">\n\t\t\t<div class=\"elementor-widget-wrap elementor-element-populated\">\n\t\t\t\t\t\t<div class=\"elementor-element elementor-element-e8cb239 elementor-widget elementor-widget-heading\" data-id=\"e8cb239\" data-element_type=\"widget\" data-e-type=\"widget\" data-widget_type=\"heading.default\">\n\t\t\t\t<div class=\"elementor-widget-container\">\n\t\t\t\t\t<h2 class=\"elementor-heading-title elementor-size-default\">FAQs<\/h2>\t\t\t\t<\/div>\n\t\t\t\t<\/div>\n\t\t\t\t<div class=\"elementor-element elementor-element-b8ada62 elementor-widget elementor-widget-heading\" data-id=\"b8ada62\" data-element_type=\"widget\" data-e-type=\"widget\" data-widget_type=\"heading.default\">\n\t\t\t\t<div class=\"elementor-widget-container\">\n\t\t\t\t\t<h5 class=\"elementor-heading-title elementor-size-default\">Podali\u015bmy odpowiednie rozwi\u0105zania dla niekt\u00f3rych cz\u0119sto zadawanych pyta\u0144. Je\u015bli masz problem, kt\u00f3rego nie ma na li\u015bcie, skontaktuj si\u0119 z nami.<\/h5>\t\t\t\t<\/div>\n\t\t\t\t<\/div>\n\t\t\t\t<div class=\"elementor-element elementor-element-6ab1ac7 elementor-widget elementor-widget-toggle\" data-id=\"6ab1ac7\" data-element_type=\"widget\" data-e-type=\"widget\" data-widget_type=\"toggle.default\">\n\t\t\t\t<div class=\"elementor-widget-container\">\n\t\t\t\t\t\t\t<div class=\"elementor-toggle\">\n\t\t\t\t\t\t\t<div class=\"elementor-toggle-item\">\n\t\t\t\t\t<div id=\"elementor-tab-title-1111\" class=\"elementor-tab-title\" data-tab=\"1\" role=\"button\" aria-controls=\"elementor-tab-content-1111\" aria-expanded=\"false\">\n\t\t\t\t\t\t\t\t\t\t\t\t<a class=\"elementor-toggle-title\" tabindex=\"0\">1. Czy mo\u017cemy przygotowa\u0107 niestandardowe zam\u00f3wienie dopasowane do potrzeb klienta?<\/a>\n\t\t\t\t\t<\/div>\n\n\t\t\t\t\t<div id=\"elementor-tab-content-1111\" class=\"elementor-tab-content elementor-clearfix\" data-tab=\"1\" role=\"region\" aria-labelledby=\"elementor-tab-title-1111\"><p>Tak. Oferujemy produkty C&amp;I dopasowane do potrzeb nawet najbardziej wymagaj\u0105cych klient\u00f3w.<\/p><\/div>\n\t\t\t\t<\/div>\n\t\t\t\t\t\t\t<div class=\"elementor-toggle-item\">\n\t\t\t\t\t<div id=\"elementor-tab-title-1112\" class=\"elementor-tab-title\" data-tab=\"2\" role=\"button\" aria-controls=\"elementor-tab-content-1112\" aria-expanded=\"false\">\n\t\t\t\t\t\t\t\t\t\t\t\t<a class=\"elementor-toggle-title\" tabindex=\"0\">2. Czy oferujemy pe\u0142ne wsparcie techniczne dla naszych partner\u00f3w?<\/a>\n\t\t\t\t\t<\/div>\n\n\t\t\t\t\t<div id=\"elementor-tab-content-1112\" class=\"elementor-tab-content elementor-clearfix\" data-tab=\"2\" role=\"region\" aria-labelledby=\"elementor-tab-title-1112\"><p>Dzia\u0142 techniczny Chisage Polska jest do dyspozycji naszych partner\u00f3w oferuj\u0105c wsparcie przy uruchomieniach i obs\u0142udze naszych urz\u0105dze\u0144.<\/p><\/div>\n\t\t\t\t<\/div>\n\t\t\t\t\t\t\t<div class=\"elementor-toggle-item\">\n\t\t\t\t\t<div id=\"elementor-tab-title-1113\" class=\"elementor-tab-title\" data-tab=\"3\" role=\"button\" aria-controls=\"elementor-tab-content-1113\" aria-expanded=\"false\">\n\t\t\t\t\t\t\t\t\t\t\t\t<a class=\"elementor-toggle-title\" tabindex=\"0\">3. Czy posiadamy magazyn w Polsce?<\/a>\n\t\t\t\t\t<\/div>\n\n\t\t\t\t\t<div id=\"elementor-tab-content-1113\" class=\"elementor-tab-content elementor-clearfix\" data-tab=\"3\" role=\"region\" aria-labelledby=\"elementor-tab-title-1113\"><p>Tak. Nasze biuro i magazyn zlokalizowane s\u0105 pod Warszaw\u0105, w s\u0105siedztwie centrum logistycznego w Jankach. Gwarantuje to szybk\u0105 i sprawn\u0105 obs\u0142ug\u0119 logistyczn\u0105 naszych klient\u00f3w.<\/p><\/div>\n\t\t\t\t<\/div>\n\t\t\t\t\t\t\t<div class=\"elementor-toggle-item\">\n\t\t\t\t\t<div id=\"elementor-tab-title-1114\" class=\"elementor-tab-title\" data-tab=\"4\" role=\"button\" aria-controls=\"elementor-tab-content-1114\" aria-expanded=\"false\">\n\t\t\t\t\t\t\t\t\t\t\t\t<a class=\"elementor-toggle-title\" tabindex=\"0\">4. Czy prowadzimy wsp\u00f3lne akcje marketingowe razem z naszymi partnerami?<\/a>\n\t\t\t\t\t<\/div>\n\n\t\t\t\t\t<div id=\"elementor-tab-content-1114\" class=\"elementor-tab-content elementor-clearfix\" data-tab=\"4\" role=\"region\" aria-labelledby=\"elementor-tab-title-1114\"><p>Razem z naszymi strategicznymi partnerami prowadzimy wsp\u00f3lne kampanie marketingowe, szkolenia i eventy bran\u017cowe.<\/p><\/div>\n\t\t\t\t<\/div>\n\t\t\t\t\t\t\t<div class=\"elementor-toggle-item\">\n\t\t\t\t\t<div id=\"elementor-tab-title-1115\" class=\"elementor-tab-title\" data-tab=\"5\" role=\"button\" aria-controls=\"elementor-tab-content-1115\" aria-expanded=\"false\">\n\t\t\t\t\t\t\t\t\t\t\t\t<a class=\"elementor-toggle-title\" tabindex=\"0\">5. Czy urz\u0105dzenia Chisage maj\u0105 certyfikacj\u0119 na rynek?<\/a>\n\t\t\t\t\t<\/div>\n\n\t\t\t\t\t<div id=\"elementor-tab-content-1115\" class=\"elementor-tab-content elementor-clearfix\" data-tab=\"5\" role=\"region\" aria-labelledby=\"elementor-tab-title-1115\"><p>Wszystkie oferowane przez nas produkty przechodz\u0105 pe\u0142ny proces certyfikacji i s\u0105 dopuszczone do stosowania oraz je\u015bli to konieczne, umieszczone w wykazie PTPIREE.<\/p><\/div>\n\t\t\t\t<\/div>\n\t\t\t\t\t\t\t<div class=\"elementor-toggle-item\">\n\t\t\t\t\t<div id=\"elementor-tab-title-1116\" class=\"elementor-tab-title\" data-tab=\"6\" role=\"button\" aria-controls=\"elementor-tab-content-1116\" aria-expanded=\"false\">\n\t\t\t\t\t\t\t\t\t\t\t\t<a class=\"elementor-toggle-title\" tabindex=\"0\">6. Jakie s\u0105 warunki gwarancji i serwisu produkt\u00f3w Chisage?<\/a>\n\t\t\t\t\t<\/div>\n\n\t\t\t\t\t<div id=\"elementor-tab-content-1116\" class=\"elementor-tab-content elementor-clearfix\" data-tab=\"6\" role=\"region\" aria-labelledby=\"elementor-tab-title-1116\"><p>Gwarancja na falowniki to 10 lat, na baterie 5 lat.<\/p><\/div>\n\t\t\t\t<\/div>\n\t\t\t\t\t\t\t<div class=\"elementor-toggle-item\">\n\t\t\t\t\t<div id=\"elementor-tab-title-1117\" class=\"elementor-tab-title\" data-tab=\"7\" role=\"button\" aria-controls=\"elementor-tab-content-1117\" aria-expanded=\"false\">\n\t\t\t\t\t\t\t\t\t\t\t\t<a class=\"elementor-toggle-title\" tabindex=\"0\">7. Czy falowniki Chisage wsp\u00f3\u0142pracuj\u0105 z magazynami energii innych marek?<\/a>\n\t\t\t\t\t<\/div>\n\n\t\t\t\t\t<div id=\"elementor-tab-content-1117\" class=\"elementor-tab-content elementor-clearfix\" data-tab=\"7\" role=\"region\" aria-labelledby=\"elementor-tab-title-1117\"><p>Oczywi\u015bcie. Nasze falowniki wsp\u00f3\u0142pracuj\u0105 z wi\u0119kszo\u015bci\u0105 baterii dost\u0119pnych na rynku. Prowadzimy r\u00f3wnie\u017c list\u0119 kompatybilnych baterii, kt\u00f3re zosta\u0142y przetestowane pod k\u0105tem komunikacji z naszymi falownikami.<\/p><\/div>\n\t\t\t\t<\/div>\n\t\t\t\t\t\t\t\t\t\t<script type=\"application\/ld+json\">{\"@context\":\"https:\\\/\\\/schema.org\",\"@type\":\"FAQPage\",\"mainEntity\":[{\"@type\":\"Question\",\"name\":\"1. Czy mo\\u017cemy przygotowa\\u0107 niestandardowe zam\\u00f3wienie dopasowane do potrzeb klienta?\",\"acceptedAnswer\":{\"@type\":\"Answer\",\"text\":\"<p>Tak. Oferujemy produkty C&amp;I dopasowane do potrzeb nawet najbardziej wymagaj\\u0105cych klient\\u00f3w.<\\\/p>\"}},{\"@type\":\"Question\",\"name\":\"2. Czy oferujemy pe\\u0142ne wsparcie techniczne dla naszych partner\\u00f3w?\",\"acceptedAnswer\":{\"@type\":\"Answer\",\"text\":\"<p>Dzia\\u0142 techniczny Chisage Polska jest do dyspozycji naszych partner\\u00f3w oferuj\\u0105c wsparcie przy uruchomieniach i obs\\u0142udze naszych urz\\u0105dze\\u0144.<\\\/p>\"}},{\"@type\":\"Question\",\"name\":\"3. Czy posiadamy magazyn w Polsce?\",\"acceptedAnswer\":{\"@type\":\"Answer\",\"text\":\"<p>Tak. Nasze biuro i magazyn zlokalizowane s\\u0105 pod Warszaw\\u0105, w s\\u0105siedztwie centrum logistycznego w Jankach. Gwarantuje to szybk\\u0105 i sprawn\\u0105 obs\\u0142ug\\u0119 logistyczn\\u0105 naszych klient\\u00f3w.<\\\/p>\"}},{\"@type\":\"Question\",\"name\":\"4. Czy prowadzimy wsp\\u00f3lne akcje marketingowe razem z naszymi partnerami?\",\"acceptedAnswer\":{\"@type\":\"Answer\",\"text\":\"<p>Razem z naszymi strategicznymi partnerami prowadzimy wsp\\u00f3lne kampanie marketingowe, szkolenia i eventy bran\\u017cowe.<\\\/p>\"}},{\"@type\":\"Question\",\"name\":\"5. Czy urz\\u0105dzenia Chisage maj\\u0105 certyfikacj\\u0119 na rynek?\",\"acceptedAnswer\":{\"@type\":\"Answer\",\"text\":\"<p>Wszystkie oferowane przez nas produkty przechodz\\u0105 pe\\u0142ny proces certyfikacji i s\\u0105 dopuszczone do stosowania oraz je\\u015bli to konieczne, umieszczone w wykazie PTPIREE.<\\\/p>\"}},{\"@type\":\"Question\",\"name\":\"6. Jakie s\\u0105 warunki gwarancji i serwisu produkt\\u00f3w Chisage?\",\"acceptedAnswer\":{\"@type\":\"Answer\",\"text\":\"<p>Gwarancja na falowniki to 10 lat, na baterie 5 lat.<\\\/p>\"}},{\"@type\":\"Question\",\"name\":\"7. Czy falowniki Chisage wsp\\u00f3\\u0142pracuj\\u0105 z magazynami energii innych marek?\",\"acceptedAnswer\":{\"@type\":\"Answer\",\"text\":\"<p>Oczywi\\u015bcie. Nasze falowniki wsp\\u00f3\\u0142pracuj\\u0105 z wi\\u0119kszo\\u015bci\\u0105 baterii dost\\u0119pnych na rynku. Prowadzimy r\\u00f3wnie\\u017c list\\u0119 kompatybilnych baterii, kt\\u00f3re zosta\\u0142y przetestowane pod k\\u0105tem komunikacji z naszymi falownikami.<\\\/p>\"}}]}<\/script>\n\t\t\t\t\t<\/div>\n\t\t\t\t\t\t<\/div>\n\t\t\t\t<\/div>\n\t\t\t\t\t<\/div>\n\t\t<\/div>\n\t\t\t\t\t<\/div>\n\t\t<\/section>\n\t\t\t\t<\/div>\n\t\t","protected":false},"excerpt":{"rendered":"<p>FAQs Podali\u015bmy odpowiednie rozwi\u0105zania dla niekt\u00f3rych c [&hellip;]<\/p>\n","protected":false},"author":1,"featured_media":0,"parent":0,"menu_order":0,"comment_status":"closed","ping_status":"closed","template":"","meta":{"site-sidebar-layout":"no-sidebar","site-content-layout":"page-builder","ast-site-content-layout":"full-width-container","site-content-style":"default","site-sidebar-style":"default","ast-global-header-display":"","ast-banner-title-visibility":"","ast-main-header-display":"","ast-hfb-above-header-display":"","ast-hfb-below-header-display":"","ast-hfb-mobile-header-display":"","site-post-title":"disabled","ast-breadcrumbs-content":"","ast-featured-img":"disabled","footer-sml-layout":"","ast-disable-related-posts":"","theme-transparent-header-meta":"default","adv-header-id-meta":"","stick-header-meta":"default","header-above-stick-meta":"","header-main-stick-meta":"","header-below-stick-meta":"","astra-migrate-meta-layouts":"set","ast-page-background-enabled":"default","ast-page-background-meta":{"desktop":{"background-color":"","background-image":"","background-repeat":"repeat","background-position":"center center","background-size":"auto","background-attachment":"scroll","background-type":"","background-media":"","overlay-type":"","overlay-color":"","overlay-opacity":"","overlay-gradient":""},"tablet":{"background-color":"","background-image":"","background-repeat":"repeat","background-position":"center center","background-size":"auto","background-attachment":"scroll","background-type":"","background-media":"","overlay-type":"","overlay-color":"","overlay-opacity":"","overlay-gradient":""},"mobile":{"background-color":"","background-image":"","background-repeat":"repeat","background-position":"center center","background-size":"auto","background-attachment":"scroll","background-type":"","background-media":"","overlay-type":"","overlay-color":"","overlay-opacity":"","overlay-gradient":""}},"ast-content-background-meta":{"desktop":{"background-color":"var(--ast-global-color-5)","background-image":"","background-repeat":"repeat","background-position":"center center","background-size":"auto","background-attachment":"scroll","background-type":"","background-media":"","overlay-type":"","overlay-color":"","overlay-opacity":"","overlay-gradient":""},"tablet":{"background-color":"var(--ast-global-color-5)","background-image":"","background-repeat":"repeat","background-position":"center center","background-size":"auto","background-attachment":"scroll","background-type":"","background-media":"","overlay-type":"","overlay-color":"","overlay-opacity":"","overlay-gradient":""},"mobile":{"background-color":"var(--ast-global-color-5)","background-image":"","background-repeat":"repeat","background-position":"center center","background-size":"auto","background-attachment":"scroll","background-type":"","background-media":"","overlay-type":"","overlay-color":"","overlay-opacity":"","overlay-gradient":""}},"footnotes":""},"class_list":["post-20853","page","type-page","status-publish","hentry"],"_links":{"self":[{"href":"https:\/\/en.chisagepolska.pl\/index.php\/wp-json\/wp\/v2\/pages\/20853","targetHints":{"allow":["GET"]}}],"collection":[{"href":"https:\/\/en.chisagepolska.pl\/index.php\/wp-json\/wp\/v2\/pages"}],"about":[{"href":"https:\/\/en.chisagepolska.pl\/index.php\/wp-json\/wp\/v2\/types\/page"}],"author":[{"embeddable":true,"href":"https:\/\/en.chisagepolska.pl\/index.php\/wp-json\/wp\/v2\/users\/1"}],"replies":[{"embeddable":true,"href":"https:\/\/en.chisagepolska.pl\/index.php\/wp-json\/wp\/v2\/comments?post=20853"}],"version-history":[{"count":5,"href":"https:\/\/en.chisagepolska.pl\/index.php\/wp-json\/wp\/v2\/pages\/20853\/revisions"}],"predecessor-version":[{"id":21070,"href":"https:\/\/en.chisagepolska.pl\/index.php\/wp-json\/wp\/v2\/pages\/20853\/revisions\/21070"}],"wp:attachment":[{"href":"https:\/\/en.chisagepolska.pl\/index.php\/wp-json\/wp\/v2\/media?parent=20853"}],"curies":[{"name":"wp","href":"https:\/\/api.w.org\/{rel}","templated":true}]}}